1. What is m(-4)?
-7
Let g(d) = -d**2 + 39*d - 168. Determine g(33).
30
Let p(z) = 4*z - 4. What is p(2)?
4
Let d(b) = -14*b + 33. What is d(3)?
-9
Let o(a) = -5*a + 12. What is o(0)?
12
Let u(c) = c**3 + 7*c**2 + 16. What is u(-7)?
16
Let a(i) = i**3 + 6*i**2 + 7*i - 1. What is a(-3)?
5
Let n(z) = z**2 + 23*z - 25. Calculate n(-23).
-25
Let g(s) = -2*s**2 - 18*s - 47. Calculate g(-10).
-67
Let k(t) = -22*t. Give k(2).
-44
Let s(k) = k**2 - 4*k + 4. Calculate s(1).
1
Let x(z) = -z**3 - 3*z**2 - 8*z - 10. What is x(-3)?
14
Let q(s) = s**2 + 3*s - 1. What is q(-5)?
9
Let l(v) = 2*v - 7. Calculate l(4).
1
Let j(z) = z**2 - 24*z - 145. What is j(-5)?
0
Let m(a) = 3*a**3 - 14*a**2 + a + 3. Determine m(4).
-25
Let i(v) = -3*v - 7. Determine i(6).
-25
Let d(m) = 2*m + 5. Calculate d(-4).
-3
Let f(p) = p + 2. Calculate f(11).
13
Let t(s) = s**3 + 2*s**2 + 5*s - 2. Calculate t(3).
58
Let l(c) = -c**3 + 11*c**2 - 12*c - 7. Determine l(9).
47
Let d(y) = 5*y - 149. What is d(24)?
-29
Let y(a) = a**3 - 14*a**2 + 24. Determine y(14).
24
Let h(d) = -7*d - 462. Give h(-65).
-7
Let s(j) = 12*j**3 - j**2 - j + 2. Calculate s(1).
12
Let c(z) = -25*z**3 + 2*z**2 + 2*z + 1. Give c(-1).
26
Let b(i) = -8*i + 108. Give b(13).
4
Let d(s) = -30*s - 901. Determine d(-30).
-1
Let v(u) = u**2 + 21*u + 56. What is v(-17)?
-12
Let j(m) = -2*m**3 - 8*m**2 + 8*m + 5. What is j(-5)?
15
Let p(u) = -26*u - 98. Calculate p(-4).
6
Let k(a) = -a**3 - 12*a**2 - 15*a + 6. What is k(-11)?
50
Let b(x) = -x**3 + 14*x**2 - 14*x + 21. Give b(13).
8
Let v(o) = -o**3 - 13*o**2 + 33*o + 28. Determine v(-15).
-17
Let f(m) = -m**3 + 7*m**2 + 2*m + 6. Give f(6).
54
Let n(q) = q**3 - 10*q**2 - 44*q - 166. Determine n(14).
2
Let r(l) = 19*l**3 - l**2 + 2*l + 2. What is r(-1)?
-20
Let w(n) = -10*n - 171. Determine w(-17).
-1
Let g(x) = 161*x + 482. Give g(-3).
-1
Let j(z) = 2*z**3 - 17*z**2 + 10*z - 2. Determine j(8).
14
Let k(t) = -11*t - 14. Calculate k(0).
-14
Let c(v) = 3*v**2 + 54*v - 2. What is c(-18)?
-2
Let l(k) = -67*k + 391. Determine l(6).
-11
Let c(o) = 51*o + 571. Calculate c(-11).
10
Let r(c) = c**3 + 14*c**2 + 16*c - 8. Determine r(-13).
-47
Let q(i) = -i**3 + 15*i**2 + 14*i + 22. Determine q(16).
-10
Let v(g) = g**3 - 4*g**2 - g + 4. Give v(4).
0
Let k(l) = l**3 - 21*l**2 - 31*l + 206. Determine k(22).
8
Let q(f) = -15*f + 55. What is q(4)?
-5
Let z(i) = 27*i - 24. Give z(2).
30
Let s(h) = -6*h - 71. Determine s(-11).
-5
Let t(j) = -6*j + 6. Determine t(5).
-24
Let d(v) = -v - 1. Give d(-7).
6
Let j(l) = -l**3 + 11*l**2 - 11*l + 13. Determine j(10).
3
Let w(u) = u**2 + 6*u + 16. What is w(-7)?
23
Let n(a) = 3*a + 3. Give n(-2).
-3
Let b(x) = x**3 - 51*x**2 + 4*x - 202. Determine b(51).
2
Let c(u) = -2*u**2 + 8*u + 24. Calculate c(9).
-66
Let q(o) = 145*o + 7. Give q(-1).
-138
Let q(p) = p**3 - p**2 + p - 2. Determine q(-2).
-16
Let s(x) = x**2 + 9*x - 66. Determine s(-14).
4
Let c(g) = -3*g**2 + 5*g - 11. Calculate c(4).
-39
Let w(j) = 16*j - 1. Give w(1).
15
Let y(p) = -p**3 - 6*p**2 - p - 2. Calculate y(-6).
4
Let f(i) = -i. Give f(-2).
2
Let p(q) = 4*q**3 + 2*q**2 + 9*q + 8. What is p(-1)?
-3
Let h(s) = -7*s + 3. Calculate h(-5).
38
Let k(l) = 2*l**3 - l**2 + 18*l - 4. Calculate k(0).
-4
Let t(q) = q**2 + 12*q + 9. What is t(-11)?
-2
Let t(z) = z**3 + 5. Determine t(0).
5
Let t(v) = 14*v - 19. Determine t(2).
9
Let g(p) = -9*p + 30. Determine g(3).
3
Let a(s) = -s - 20. What is a(-22)?
2
Let c(o) = 28*o**2 + o - 1. Give c(1).
28
Let o(u) = u**3 + 7*u**2 + 8*u + 9. Calculate o(-6).
-3
Let r(p) = p**3 - 10*p**2 - 2*p + 21. Determine r(10).
1
Let u(m) = m**3 - 3*m**2 - 4*m - 2. Determine u(4).
-2
Let p(f) = -11*f + 74. What is p(8)?
-14
Let v(l) = -l**2 + 13*l + 32. Give v(13).
32
Let f(k) = 4*k - 28. What is f(6)?
-4
Let d(k) = -k**3 + 6*k**2 + k + 9. Calculate d(6).
15
Let l(a) = -a**2 + 22*a - 28. What is l(20)?
12
Let b(i) = 2*i**3 - 27*i**2 - 15*i + 8. Calculate b(14).
-6
Let x(s) = s**3 - s - 2. Determine x(-2).
-8
Let c(b) = -2*b - 11. Calculate c(-6).
1
Let f(b) = b**3 - 7*b**2 + 7*b - 2. Determine f(6).
4
Let w(k) = 3*k**2 - 9*k - 9. What is w(5)?
21
Let f(m) = -m**2 + 5*m + 26. Give f(8).
2
Let k(t) = 3*t**2 + 14*t + 9. Give k(-5).
14
Let y(t) = -t**3 - 9*t**2 + 21*t + 12. What is y(-11)?
23
Let f(n) = 4*n**3 - 1. Calculate f(-1).
-5
Let n(c) = -c**3 - 8*c**2 - 7*c - 3. What is n(-7)?
-3
Let d(g) = 2*g**2 + 62*g + 13. Give d(-31).
13
Let a(h) = -2*h**3 - 9*h**2 - 4*h + 5. Determine a(-5).
50
Let m(i) = i**3 + 3*i**2 - 5*i - 8. Determine m(-3).
7
Let u(v) = 2*v**2 - 76*v + 211. Calculate u(35).
1
Let s(m) = 2*m - 2. What is s(-3)?
-8
Let h(u) = u**3 + 8*u**2 - 2*u + 8. Give h(-8).
24
Let j(v) = 2*v**2 - 10*v + 14. Give j(5).
14
Let j(o) = -o**3 + 12*o**2 - 20*o - 23. Determine j(10).
-23
Let g(s) = -s**3 + 2*s**2 - 2. What is g(2)?
-2
Let h(l) = 2*l**2 - 57*l + 57. Calculate h(27).
-24
Let j(n) = n**2 + 9*n + 17. Determine j(-6).
-1
Let p(n) = -9*n + 25. What is p(6)?
-29
Let f(l) = 2*l + 35. Determine f(8).
51
Let d(f) = -3*f**2 + 2*f - 1. Give d(2).
-9
Let v(n) = n**3 - 6*n**2 + 3*n + 1. Determine v(5).
-9
Let q(t) = -2*t**3 - 2*t**2 + 2*t + 1. Give q(-2).
5
Let k(l) = 10*l - 115. Give k(10).
-15
Let a(x) = -x**2 - 13*x. Determine a(-15).
-30
Let z(b) = 10*b**2 - b. What is z(1)?
9
Let w(o) = -3*o + 2. What is w(-1)?
5
Let c(y) = y + 40. What is c(-36)?
4
Let b(c) = c**3 - 3*c**2 - 9*c + 10. Determine b(5).
15
Let q(k) = -k + 30. Calculate q(8).
22
Let b(i) = -2*i**2 - 63*i - 69. Determine b(-30).
21
Let r(u) = -32*u - 253. Give r(-8).
3
Let g(u) = -u**2 - 11*u - 26. Give g(-9).
-8
Let c(s) = s + 3. Give c(-10).
-7
Let z(q) = q**3 + q**2 - 16*q - 2. Calculate z(-5).
-22
Let k(p) = p**3 + 11*p**2 - 14*p - 27. Give k(-12).
-3
Let o(y) = -8*y + 12. Determine o(5).
-28
Let a(v) = 3*v**3 - 2*v**2 + 6*v - 8. Give a(2).
20
Let t(i) = -10*i - 87. What is t(-6)?
-27
Let i(z) = z**2 + 16*z + 20. Determine i(-14).
-8
Let r(h) = -3*h - 3. Determine r(4).
-15
Let w(o) = -o**2 - 22*o - 67. Determine w(-18).
5
Let u(l) = 7*l**2 + l - 7. What is u(1)?
1
Let j(x) = -x**3 - 7*x**2 + 11*x + 1. Calculate j(-9).
64
Let q(w) = w**3 - 10*w**2 + 14*w - 24. Give q(9).
21
Let v(o) = -o**2 - 3*o + 8. Determine v(-7).
-20
Let g(x) = x**3 - 18*x**2 - 42*x + 44. Calculate g(20).
4
Let m(d) = -d**3 + 5*d**2 - 2*d + 5. Determine m(4).
13
Let z(p) = p**3 + 22*p**2 + 44*p + 8. Determine z(-20).
-72
Let k(v) = -v**3 + 16*v**2 + 24*v - 112. What is k(17)?
7
Let u(x) = x**2 + 4*x - 166. What is u(-14)?
-26
Let n(z) = -2*z + 24. Calculate n(9).
6
Let j(z) = -2*z**3 - 6*z**2 - 6*z - 11. Calculate j(-3).
7
Let f(o) = 3*o**3 - 17*o**2 + 11*o + 5. Determine f(5).
10
Let l(c) = c**3 - 5*c**2 - 7*c + 5. What is l(5)?
-30
Let o(k) = -k**3 + 8*k**2 + 10*k - 16. Determine o(8).
64
Let z(q) = -q**2 + 25*q - 19. What is z(14)?
135
Let l(k) = -8*k**3 + 2*k**2 + 7*k - 9. Give l(1).
-8
Let q(u) = -4*u - 48. Give q(-16).
16
Let p(u) = u**3 + 7*u**2 - 17*u + 3. What is p(-9)?
-6
Let n(c) = -3*c**2 - 33*c - 30. Calculate n(-10).
0
Let y(q) = q**2 + 14*q - 9. Calculate y(-10).
-49
Let p(y) = y**3 - 14*y**2 + 13*y - 9. Give p(13).
-9
Let x(f) = 6*f - 5. Give x(-6).
-41
Let d(i) = -5*i - 16. Determine d(4).
-36
Let b(q) = -2*q + 4. Determine b(-6).
16
Let n(f) = -2*f**2 + 6*f - 7. Determine n(-5).
-87
Let c(u) = u - 13. Give c(8).
-5
Let q(a) = 2*a**3 + a**2 - 8*a + 8. Give q(1).
3
Let c(p) = p**2 + 13*p - 18. Determine c(-14).
-4
Let u(o) = 81*o + 1. Determine u(1).
82
Let w(z) = 2*z**2 + 2*z - 4. Determine w(-4).
20
Let c(m) = -46*m**3 + 1. Give c(-1).
47
Let b(k) = -k**3 + 5*k**2 + 5*k + 8. Determine b(6).
2
Let i(n) = -n**3 + n**2 - n - 5. Determine i(0).
-5
Let i(l) = -l**3 + 7*l**2 - 3*l + 2. Give i(7).
-19
Let l(d) = -2*d**2 - d + 3. Calculate l(2).
-7
Let j(a) = -6*a + 17. Determine j(10).
-43
Let q(m) = -2*m**3 + 3*m**2 + m - 1. What is q(3)?
-25
Let y(s) = 15*s + 29. What is y(-2)?
-1
Let p(h) = -h**3 - 9*h**2 + 9*h - 9. What is p(-10)?
1
Let u(l) = -l**2 - 7. Give u(0).
-7
Let i(p) = -2*p**2 - 4*p + 7. What is i(-4)?
-9
Let h(s) = -s**3 - 4*s**2 - 5*s - 14. Give h(-5).
36
Let z(d) = -22*d - 1430. What is z(-65)?
0
Let p(v) = v**2 - 3*v - 2. What is p(5)?
8
Let c(v) = 2*v**2 - 3*v - 43. Give c(7).
34
Let k(i) = 9